{"id":18,"date":"2025-03-24T16:13:29","date_gmt":"2025-03-24T16:13:29","guid":{"rendered":"https:\/\/satenergy.com\/wp3\/services\/"},"modified":"2026-01-22T17:18:18","modified_gmt":"2026-01-22T17:18:18","slug":"servicos","status":"publish","type":"page","link":"https:\/\/satenergy.com\/wp3\/servicos\/","title":{"rendered":"Servi\u00e7os"},"content":{"rendered":"\n\n\n<h1>Os nossos servi\u00e7os<\/h1>\n<h5><span style=\"text-align: start; text-decoration-style: initial;\">Montagens e medidas de instala\u00e7\u00f5es el\u00e9tricas MT\/AT\/MAT, com ou sem fibras \u00f3pticas assim como a manuten\u00e7\u00e3o e repara\u00e7\u00e3o das mesmas, s\u00e3o \u00e1reas que a SAT Energy, Lda. processa com elevado profissionalismo. Para poder estar sempre ao mais alto n\u00edvel a SAT Energy, Lda. proporciona aos seus colaboradores programas de forma\u00e7\u00e3o na instala\u00e7\u00e3o de componentes e acess\u00f3rios dos mais reputados fabricantes mundiais. Assim os nossos servi\u00e7os est\u00e3o sempre preparados para resolver qualquer ocorr\u00eancia.<\/span><\/h5>\n\n\n\n\n\n\n\n\n\n\n\n\n\n\n\n\n\n\n\n\n\n\n\n\n\n\n\n\n\n\n","protected":false},"excerpt":{"rendered":"","protected":false},"author":1,"featured_media":0,"parent":0,"menu_order":0,"comment_status":"closed","ping_status":"closed","template":"","meta":{"pagelayer_contact_templates":[],"_pagelayer_content":"","footnotes":""},"class_list":["post-18","page","type-page","status-publish","hentry"],"_links":{"self":[{"href":"https:\/\/satenergy.com\/wp3\/wp-json\/wp\/v2\/pages\/18","targetHints":{"allow":["GET"]}}],"collection":[{"href":"https:\/\/satenergy.com\/wp3\/wp-json\/wp\/v2\/pages"}],"about":[{"href":"https:\/\/satenergy.com\/wp3\/wp-json\/wp\/v2\/types\/page"}],"author":[{"embeddable":true,"href":"https:\/\/satenergy.com\/wp3\/wp-json\/wp\/v2\/users\/1"}],"replies":[{"embeddable":true,"href":"https:\/\/satenergy.com\/wp3\/wp-json\/wp\/v2\/comments?post=18"}],"version-history":[{"count":2,"href":"https:\/\/satenergy.com\/wp3\/wp-json\/wp\/v2\/pages\/18\/revisions"}],"predecessor-version":[{"id":1498,"href":"https:\/\/satenergy.com\/wp3\/wp-json\/wp\/v2\/pages\/18\/revisions\/1498"}],"wp:attachment":[{"href":"https:\/\/satenergy.com\/wp3\/wp-json\/wp\/v2\/media?parent=18"}],"curies":[{"name":"wp","href":"https:\/\/api.w.org\/{rel}","templated":true}]}}