{"id":19,"date":"2025-03-24T16:13:29","date_gmt":"2025-03-24T16:13:29","guid":{"rendered":"https:\/\/satenergy.com\/wp3\/about\/"},"modified":"2026-01-15T17:06:25","modified_gmt":"2026-01-15T17:06:25","slug":"sobre","status":"publish","type":"page","link":"https:\/\/satenergy.com\/wp3\/sobre\/","title":{"rendered":"Sobre N\u00f3s"},"content":{"rendered":"\n\n\n<h1>Quem Somos<\/h1>\n\n<span style=\"color: rgb(0, 0, 0); font-family: Roboto, Helvetica, Arial, sans-serif; font-weight: 300; text-transform: none;\">A SAT Energy, Lda. destaca-se pelo seu potencial na realiza\u00e7\u00e3o de obras, gra\u00e7as \u00e0 capacidade do seu efetivo e dos seus parceiros. \u00c1reas como a elabora\u00e7\u00e3o de estudos, levantamento de medidas, e montagens de instala\u00e7\u00f5es el\u00e9tricas, assim como a manuten\u00e7\u00e3o e repara\u00e7\u00e3o das mesmas, s\u00e3o desempenhadas com elevado profissionalismo.<\/span>\n\n\n<span style=\"color: rgb(0, 0, 0); font-family: Roboto, Helvetica, Arial, sans-serif; font-weight: 300; text-transform: none;\">O nosso departamento comercial conta tamb\u00e9m com uma vasta gama de acess\u00f3rios para redes el\u00e9tricas. Al\u00e9m-fronteiras, a SAT Energy, Lda. \u00e9 uma empresa de refer\u00eancia na \u00e1rea de instala\u00e7\u00f5es el\u00e9tricas com cabo isolado AT.<\/span>\n\n\n\n\n\n\n\n\n\n\n\n<h1>Miss\u00e3o<\/h1>\n\n<p style=\"-webkit-tap-highlight-color: transparent; margin: 0px 0px 15px; line-height: 1.618;\"><font color=\"#000000\" face=\"Roboto, Helvetica, Arial, sans-serif\"><span style=\"font-size: 18px; text-transform: none;\">A SAT Energy, Lda. tem como miss\u00e3o:<\/span><\/font><\/p>\n\n<ul class=\"wp-block-list\" style=\"-webkit-tap-highlight-color: transparent; margin-top: 0px; margin-bottom: 30px; line-height: 1.618;\">\n<li style=\"-webkit-tap-highlight-color: transparent; list-style-type: disc; padding-left: 20px;\">\n<span style=\"font-weight: normal;\"><span style=\"font-size: 18px; text-transform: none; color: rgb(0, 0, 0); font-family: Roboto, Helvetica, Arial, sans-serif;\">Satisfazer os clientes e liderar, com comprometimento \u00e0 excel\u00eancia no fornecimento de produtos e servi\u00e7os;<\/span>\n<\/span><\/li>\n<li style=\"-webkit-tap-highlight-color: transparent; list-style-type: disc; padding-left: 20px;\">\n<span style=\"font-size: 18px; text-transform: none; color: rgb(0, 0, 0); font-family: Roboto, Helvetica, Arial, sans-serif; font-weight: normal;\">Conduzir o neg\u00f3cio e crescer, assegurando as boas condi\u00e7\u00f5es de trabalho a todos os seus colaboradores, o cumprimento escrupuloso de todas as disposi\u00e7\u00f5es legais e regulamentos em mat\u00e9rias de seguran\u00e7a no trabalho e ambiente, contribuindo, por esta via, para um desenvolvimento sustentado e harmonioso das condi\u00e7\u00f5es de trabalho, da prote\u00e7\u00e3o do ambiente e da competitividade.<\/span>\n<\/li>\n<\/ul>\n\n\n\n\n\n<h1>Miss\u00e3o<\/h1>\n\n<p style=\"-webkit-tap-highlight-color: transparent; margin: 0px 0px 15px; line-height: 1.618;\"><font color=\"#000000\" face=\"Roboto, Helvetica, Arial, sans-serif\"><span style=\"font-size: 18px; text-transform: none;\">A SAT Energy, Lda. tem como miss\u00e3o:<\/span><\/font><\/p>\n\n<ul class=\"wp-block-list\" style=\"-webkit-tap-highlight-color: transparent; margin-top: 0px; margin-bottom: 30px; line-height: 1.618;\">\n<li style=\"-webkit-tap-highlight-color: transparent; list-style-type: disc; padding-left: 20px;\">\n<span style=\"font-weight: normal;\"><span style=\"font-size: 18px; text-transform: none; color: rgb(0, 0, 0); font-family: Roboto, Helvetica, Arial, sans-serif;\">Satisfazer os clientes e liderar, com comprometimento \u00e0 excel\u00eancia no fornecimento de produtos e servi\u00e7os;<\/span>\n<\/span><\/li>\n<li style=\"-webkit-tap-highlight-color: transparent; list-style-type: disc; padding-left: 20px;\">\n<span style=\"font-size: 18px; text-transform: none; color: rgb(0, 0, 0); font-family: Roboto, Helvetica, Arial, sans-serif; font-weight: normal;\">Conduzir o neg\u00f3cio e crescer, assegurando as boas condi\u00e7\u00f5es de trabalho a todos os seus colaboradores, o cumprimento escrupuloso de todas as disposi\u00e7\u00f5es legais e regulamentos em mat\u00e9rias de seguran\u00e7a no trabalho e ambiente, contribuindo, por esta via, para um desenvolvimento sustentado e harmonioso das condi\u00e7\u00f5es de trabalho, da prote\u00e7\u00e3o do ambiente e da competitividade.<\/span>\n<\/li>\n<\/ul>\n\n\n\n\n\n\n\n\n<h1>Valores<\/h1>\n\n<span style=\"color:#000000;\"><p style=\"-webkit-tap-highlight-color: transparent; margin: 0px 0px 15px; line-height: 1.618; font-family: Roboto, Helvetica, Arial, sans-serif; font-size: 18px; text-transform: none;\">A SAT Energy, Lda. rege-se pelo seguinte conjunto de valores:<\/p><ul class=\"wp-block-list\" style=\"-webkit-tap-highlight-color: transparent; margin-top: 0px; margin-bottom: 30px; line-height: 1.618; font-family: Roboto, Helvetica, Arial, sans-serif; font-weight: 300; text-transform: none;\"><li style=\"-webkit-tap-highlight-color: transparent;\">\u00c9tica;<\/li><li style=\"-webkit-tap-highlight-color: transparent;\">Empreendedorismo;<\/li><li style=\"-webkit-tap-highlight-color: transparent;\">Determina\u00e7\u00e3o;<\/li><li style=\"-webkit-tap-highlight-color: transparent;\">Rigor;<\/li><li style=\"-webkit-tap-highlight-color: transparent;\">Compet\u00eancia;<br>Sustentabilidade;<\/li><li style=\"-webkit-tap-highlight-color: transparent;\">Profissionalismo.<\/li><\/ul><\/span><ul class=\"wp-block-list\" style=\"-webkit-tap-highlight-color: transparent; margin-top: 0px; margin-bottom: 30px; line-height: 1.618; color: rgb(60, 72, 88); font-family: Roboto, Helvetica, Arial, sans-serif; font-weight: 300; text-transform: none;\"><li style=\"-webkit-tap-highlight-color: transparent;\"><\/li><\/ul>\n\n\n\n\n\n\n\n\n\n\n\n<h1>Vis\u00e3o<\/h1>\n\n<font color=\"#3c4858\" face=\"Roboto, Helvetica, Arial, sans-serif\"><span style=\"font-weight: 300; text-transform: none;\">Ser uma empresa de refer\u00eancia no ramo dos servi\u00e7os de alta e muito alta tens\u00e3o, apresentando um elevado n\u00edvel de produtividade e Qualidade, Ambiente e Seguran\u00e7a dos nossos produtos e servi\u00e7os.<\/span><\/font>\n\n\n\n\n\n<h1>Vis\u00e3o<\/h1>\n\n<div><font color=\"#3c4858\" face=\"Roboto, Helvetica, Arial, sans-serif\"><span style=\"font-weight: 300; text-transform: none;\">Ser uma empresa de refer\u00eancia no ramo dos servi\u00e7os de alta e muito alta tens\u00e3o, apresentando um elevado n\u00edvel de produtividade e Qualidade, Ambiente e Seguran\u00e7a dos nossos produtos e servi\u00e7os.<\/span><\/font><\/div>\n\n\n\n\n\n\n\n\n<h1>\u00c2mbito<\/h1>\n\n<p style=\"-webkit-tap-highlight-color: transparent; margin: 0px 0px 15px; line-height: 1.618;\"><font color=\"#000000\" face=\"Roboto, Helvetica, Arial, sans-serif\"><span style=\"font-size: 18px; text-transform: none;\">O \u00e2mbito do Sistema de Gest\u00e3o da Qualidade, Ambiente e Seguran\u00e7a est\u00e1 definido da seguinte forma:<\/span><\/font><\/p>\n\n<ul class=\"wp-block-list\" style=\"-webkit-tap-highlight-color: transparent; margin-top: 0px; margin-bottom: 30px; line-height: 1.618;\">\n<li style=\"-webkit-tap-highlight-color: transparent; list-style-type: disc; padding-left: 20px;\">\n<span style=\"font-size: 18px; text-transform: none; color: rgb(0, 0, 0); font-family: Roboto, Helvetica, Arial, sans-serif; font-weight: 600;\">Qualidade:<\/span><br>\n<span style=\"font-weight: normal;\"><span style=\"font-size: 18px; text-transform: none; color: rgb(0, 0, 0); font-family: Roboto, Helvetica, Arial, sans-serif;\">Presta\u00e7\u00e3o de servi\u00e7os em passagem de cabo subterr\u00e2neo e montagem de acess\u00f3rios (caixas de fim de cabo; caixas de uni\u00e3o e caixas de liga\u00e7\u00e3o \u00e0 terra) de m\u00e9dia, alta e muito alta tens\u00e3o.<\/span>\n<\/span><\/li>\n<li style=\"-webkit-tap-highlight-color: transparent; list-style-type: disc; padding-left: 20px;\">\n<span style=\"font-size: 18px; text-transform: none; color: rgb(0, 0, 0); font-family: Roboto, Helvetica, Arial, sans-serif; font-weight: 600;\">Ambiente e Seguran\u00e7a:<\/span><br>\n<span style=\"font-size: 18px; text-transform: none; color: rgb(0, 0, 0); font-family: Roboto, Helvetica, Arial, sans-serif; font-weight: normal;\">Presta\u00e7\u00e3o de servi\u00e7os em passagem de cabo subterr\u00e2neo e montagem de acess\u00f3rios (caixas de fim de cabo; caixas de uni\u00e3o e caixas de liga\u00e7\u00e3o \u00e0 terra) de m\u00e9dia, alta e muito alta tens\u00e3o. Fabrico e Comercializa\u00e7\u00e3o de acess\u00f3rios para cabos el\u00e9tricos.<\/span>\n<\/li>\n<\/ul>\n\n\n\n\n\n\n\n\n\n\n\n\n\n<h2>Instala\u00e7\u00f5es<\/h2>\n\n\n\n\n\n\n\n\n","protected":false},"excerpt":{"rendered":"","protected":false},"author":1,"featured_media":0,"parent":0,"menu_order":0,"comment_status":"closed","ping_status":"closed","template":"","meta":{"pagelayer_contact_templates":[],"_pagelayer_content":"","footnotes":""},"class_list":["post-19","page","type-page","status-publish","hentry"],"_links":{"self":[{"href":"https:\/\/satenergy.com\/wp3\/wp-json\/wp\/v2\/pages\/19","targetHints":{"allow":["GET"]}}],"collection":[{"href":"https:\/\/satenergy.com\/wp3\/wp-json\/wp\/v2\/pages"}],"about":[{"href":"https:\/\/satenergy.com\/wp3\/wp-json\/wp\/v2\/types\/page"}],"author":[{"embeddable":true,"href":"https:\/\/satenergy.com\/wp3\/wp-json\/wp\/v2\/users\/1"}],"replies":[{"embeddable":true,"href":"https:\/\/satenergy.com\/wp3\/wp-json\/wp\/v2\/comments?post=19"}],"version-history":[{"count":13,"href":"https:\/\/satenergy.com\/wp3\/wp-json\/wp\/v2\/pages\/19\/revisions"}],"predecessor-version":[{"id":1496,"href":"https:\/\/satenergy.com\/wp3\/wp-json\/wp\/v2\/pages\/19\/revisions\/1496"}],"wp:attachment":[{"href":"https:\/\/satenergy.com\/wp3\/wp-json\/wp\/v2\/media?parent=19"}],"curies":[{"name":"wp","href":"https:\/\/api.w.org\/{rel}","templated":true}]}}